{"id":58464,"date":"2025-04-23T09:20:00","date_gmt":"2025-04-23T08:20:00","guid":{"rendered":"https:\/\/planipets.com\/blog\/?page_id=58464"},"modified":"2026-05-02T14:20:30","modified_gmt":"2026-05-02T12:20:30","slug":"media","status":"publish","type":"page","link":"https:\/\/planipets.com\/blog\/media\/","title":{"rendered":"Planipets M\u00e9dia"},"content":{"rendered":"<div class=\"brz brz-root__container brz-reset-all brz-root__container-page\">\n<section id=\"rc_1u7VRv7tv_rc_1u7VRv7tv\" class=\"brz-section brz-css-1hhb8tf brz-css-hdfnyf\">\n<div class=\"brz-section__content brz-section--boxed brz-css-urtqx1 brz-css-1x36srw\" data-brz-custom-id=\"w3zQcqFhScPR\">\n<div class=\"brz-bg\">\n<div class=\"brz-bg-color\"><\/div>\n<\/div>\n<div class=\"brz-container brz-css-4hxrmi brz-css-1ihqbn9\">\n<div class=\"brz-row__container brz-css-1dwzd0 brz-css-ukqrrr\" data-brz-custom-id=\"xKDSSVfHpmeK\">\n<div class=\"brz-row brz-css-op0p47 brz-css-1gybv4t brz-css-1t07r0r\">\n<div class=\"brz-columns brz-css-13aiet0 brz-css-1htqw9l\" data-brz-custom-id=\"yRwvTVmtGurc\">\n<div class=\"brz-column__items brz-css-1df03bv brz-css-1cav1bg\">\n<div id=\"\" class=\"brz-css-mwoxu8 brz-css-xpciej brz-wrapper\">\n<div class=\"brz-rich-text brz-rich-text__custom brz-css-1bt2u4y brz-css-1lnlgbr\" data-brz-custom-id=\"cW2Z9fi8zNzS\">\n<div data-brz-translate-text=\"1\">\n<h1 class=\"brz-text-xs-center brz-tp-lg-heading1 brz-css-y5maW\" data-uniq-id=\"wIpFY\" data-generated-css=\"brz-css-sR7RJ\"><span class=\"brz-cp-color2\">Planipets M\u00e9dia<\/span><\/h1>\n<\/div>\n<\/div>\n<\/div>\n<div id=\"\" class=\"brz-css-mwoxu8 brz-css-1ipswup brz-wrapper\">\n<div class=\"brz-rich-text brz-rich-text__custom brz-css-1bt2u4y brz-css-lkayk3\" data-brz-custom-id=\"rqO6a9u5Ptfu\">\n<div data-brz-translate-text=\"1\">\n<p class=\"brz-mb-xs-10 brz-text-xs-center brz-tp-lg-subtitle brz-mt-lg-10 brz-mb-lg-20 brz-css-zSQLC\" data-uniq-id=\"iDvwj\" data-generated-css=\"brz-css-swDvY\"><strong class=\"brz-cp-color2\">Planipets M\u00e9dia<\/strong><span class=\"brz-cp-color2\"> est une association loi 1901 \u00e0 but non lucratif.<\/span><\/p>\n<p class=\"brz-mb-xs-10 brz-text-xs-center brz-tp-lg-subtitle brz-mt-lg-10 brz-mb-lg-20 brz-css-f3_2Y\" data-uniq-id=\"wJoJ0\" data-generated-css=\"brz-css-f4Mjv\"><span class=\"brz-cp-color2\">Elle produit des contenus d\u2019int\u00e9r\u00eat g\u00e9n\u00e9ral sur le lien humain-animal, l\u2019\u00e9thique animale, la m\u00e9diation, les m\u00e9tiers du secteur et les enjeux environnementaux li\u00e9s aux animaux de compagnie.<\/span><\/p>\n<p class=\"brz-mb-xs-10 brz-text-xs-center brz-tp-lg-subtitle brz-mt-lg-10 brz-mb-lg-20 brz-css-h9bGW\" data-uniq-id=\"isx43\" data-generated-css=\"brz-css-nv3Hc\"><span class=\"brz-cp-color2\">Cette structure est juridiquement distincte de la plateforme commerciale Planipets, bien qu\u2019elle partage la m\u00eame ambition de valorisation des professionnels et de sensibilisation du grand public.<\/span><\/p>\n<p class=\"brz-mb-xs-10 brz-text-xs-center brz-tp-lg-subtitle brz-mt-lg-10 brz-mb-lg-20 brz-css-snggJ\" data-uniq-id=\"ys7UV\" data-generated-css=\"brz-css-n1U0l\"><span class=\"brz-cp-color2\">Tous les contenus accessibles via l\u2019espace planipets.com\/blog\/media rel\u00e8vent de cette mission associative.<\/span><\/p>\n<p class=\"brz-mb-xs-10 brz-text-xs-center brz-tp-lg-subtitle brz-mt-lg-10 brz-mb-lg-20 brz-css-sqVZL\" data-uniq-id=\"gCYpg\" data-generated-css=\"brz-css-r997d\"><span class=\"brz-cp-color2\"> <\/span><\/p>\n<p class=\"brz-mb-xs-10 brz-text-xs-center brz-tp-lg-subtitle brz-mt-lg-10 brz-mb-lg-20 brz-css-z1hUv\" data-uniq-id=\"suAcs\" data-generated-css=\"brz-css-b0aK2\"><span class=\"brz-cp-color2\">Retrouvez les contenus ici : <\/span><a class=\"brz-cp-color2 link--external\" href=\"https:\/\/planipets.com\/blog\/medias\" data-brz-link-type=\"external\">https:\/\/planipets.com\/blog\/medias <\/a><\/p>\n<\/div>\n<\/div>\n<\/div>\n<\/div>\n<\/div>\n<div class=\"brz-columns brz-css-13aiet0 brz-css-19h5kfz\" data-brz-custom-id=\"mUnJLN9RDcqN\">\n<div class=\"brz-column__items brz-css-1df03bv brz-css-tmx4ym\">\n<div id=\"\" class=\"brz-css-mwoxu8 brz-css-1afn0la brz-wrapper\">\n<div class=\"brz-image brz-css-qukqfs brz-css-i1vqr9\" data-brz-custom-id=\"pcCAnkeR_QRQ\"><img decoding=\"async\" class=\"brz-img\" src=\"https:\/\/planipets.com\/blog\/wp-content\/uploads\/2025\/10\/logo-planipets-media.png\" loading=\"lazy\" alt=\"logo planipets media\" title=\"logo planipets media\"><\/div>\n<\/div>\n<\/div>\n<\/div>\n<\/div>\n<\/div>\n<div id=\"\" class=\"brz-css-mwoxu8 brz-css-1pq9eyk brz-wrapper\">\n<div class=\"brz-rich-text brz-rich-text__custom brz-css-1bt2u4y brz-css-6nio5n\" data-brz-custom-id=\"dLHIeO7dg1el\">\n<div data-brz-translate-text=\"1\">\n<h1 class=\"brz-tp-lg-heading1 brz-text-xs-center brz-css-dJ7lO\" data-generated-css=\"brz-css-phzne\" data-uniq-id=\"t5VnZ\"><span class=\"brz-cp-color2\">Nos rubriques<\/span><\/h1>\n<\/div>\n<\/div>\n<\/div>\n<div id=\"\" class=\"brz-css-mwoxu8 brz-css-3iyxho brz-wrapper\">\n<div class=\"brz-rich-text brz-rich-text__custom brz-css-1bt2u4y brz-css-19vey8f\" data-brz-custom-id=\"gxqEszpKtEV1\">\n<div data-brz-translate-text=\"1\">\n<p data-generated-css=\"brz-css-s30rg\" data-uniq-id=\"cO3tQ\" class=\"brz-fss-lg-px brz-fw-lg-400 brz-ls-lg-0 brz-lh-lg-1_9 brz-vfw-lg-400 brz-fwdth-lg-100 brz-fsft-lg-0 brz-tp-lg-empty brz-ff-overpass brz-ft-google brz-fs-lg-13 brz-css-xZZ4d\"><span class=\"brz-cp-color7\">Note \u00e9ditoriale<\/span><\/p>\n<p data-generated-css=\"brz-css-uEbFQ\" data-uniq-id=\"sh8u6\" class=\"brz-fss-lg-px brz-fw-lg-400 brz-ls-lg-0 brz-lh-lg-1_9 brz-vfw-lg-400 brz-fwdth-lg-100 brz-fsft-lg-0 brz-tp-lg-empty brz-ff-overpass brz-ft-google brz-fs-lg-13 brz-css-eYWVd\"><span class=\"brz-cp-color7\">Certaines rubriques du site peuvent afficher, dans une m\u00eame liste, des articles issus du Planipets M\u00e9dia et d\u2019autres espaces \u00e9dit\u00e9s par Planipets.<\/span><\/p>\n<p data-generated-css=\"brz-css-b3TX2\" data-uniq-id=\"nCKOE\" class=\"brz-fss-lg-px brz-fw-lg-400 brz-ls-lg-0 brz-lh-lg-1_9 brz-vfw-lg-400 brz-fwdth-lg-100 brz-fsft-lg-0 brz-tp-lg-empty brz-ff-overpass brz-ft-google brz-fs-lg-13 brz-css-qsclz\"><span class=\"brz-cp-color7\">Ce choix est uniquement ergonomique et th\u00e9matique : il permet de rassembler des contenus autour d\u2019un m\u00eame sujet, tout en maintenant la s\u00e9paration juridique et \u00e9ditoriale entre les deux structures.<\/span><\/p>\n<p data-generated-css=\"brz-css-e0uTq\" data-uniq-id=\"d2gx5\" class=\"brz-fss-lg-px brz-fw-lg-400 brz-ls-lg-0 brz-lh-lg-1_9 brz-vfw-lg-400 brz-fwdth-lg-100 brz-fsft-lg-0 brz-tp-lg-empty brz-ff-overpass brz-ft-google brz-fs-lg-13 brz-css-vXnSS\"><span class=\"brz-cp-color7\">Les articles du Planipets M\u00e9dia restent toujours identifiables gr\u00e2ce \u00e0 la mention \u00ab Article r\u00e9dig\u00e9 par [nom de l\u2019auteur] pour Planipets M\u00e9dia \u00bb et au footer sp\u00e9cifique du m\u00e9dia.<\/span><\/p>\n<\/div>\n<\/div>\n<\/div>\n<div id=\"\" class=\"brz-css-mwoxu8 brz-css-1x9yoob brz-wrapper\">\n<div class=\"brz-rich-text brz-rich-text__custom brz-css-1bt2u4y brz-css-y6cs3i\" data-brz-custom-id=\"sdux6gYj1NZg\">\n<div data-brz-translate-text=\"1\">\n<p class=\"brz-tp-lg-paragraph brz-css-c4M2V\" data-uniq-id=\"jHcTZ\" data-generated-css=\"brz-css-w4oiz\"><a class=\"link--external brz-cp-color7\" href=\"https:\/\/planipets.com\/blog\/category\/actualite\/\" data-brz-link-type=\"external\" target=\"_blank\" rel=\"noreferrer noopener\">Actualit\u00e9<\/a><span class=\"brz-cp-color7\"> | <\/span><a class=\"link--external brz-cp-color7\" href=\"https:\/\/planipets.com\/blog\/category\/ce-quon-ne-veut-pas-voir\/\" data-brz-link-type=\"external\" target=\"_blank\" rel=\"noreferrer noopener\">Ce qu\u2019on ne veut pas voir<\/a><span class=\"brz-cp-color7\"> | <\/span><a class=\"link--external brz-cp-color7\" href=\"https:\/\/planipets.com\/blog\/category\/collectivites-bien-etre-animal\/\" data-brz-link-type=\"external\" target=\"_blank\" rel=\"noreferrer noopener\">Collectivit\u00e9s &amp; Bien-\u00catre Animal<\/a><span class=\"brz-cp-color7\"> | <\/span><a class=\"link--external brz-cp-color7\" href=\"https:\/\/planipets.com\/blog\/category\/conseils-et-vie-quotidienne\/\" data-brz-link-type=\"external\" target=\"_blank\" rel=\"noreferrer noopener\">Conseils et vie quotidienne<\/a><span class=\"brz-cp-color7\"> | <\/span><a class=\"link--external brz-cp-color7\" href=\"https:\/\/planipets.com\/blog\/category\/letrangete-familiere\/\" data-brz-link-type=\"external\" target=\"_blank\" rel=\"noreferrer noopener\">L\u2019\u00e9tranget\u00e9 famili\u00e8re<\/a><span class=\"brz-cp-color7\"> <\/span><span class=\"brz-cp-color7\">| <\/span><a class=\"link--external brz-cp-color7\" href=\"https:\/\/planipets.com\/blog\/media\/rex-minou\" data-brz-link-type=\"external\" target=\"_blank\" rel=\"noreferrer noopener\">Rex &amp; Minou<\/a><span class=\"brz-cp-color7\"> | <\/span><a class=\"link--external brz-cp-color7\" href=\"https:\/\/planipets.com\/blog\/category\/questionnements-radicaux\/\" data-brz-link-type=\"external\" target=\"_blank\" rel=\"noreferrer noopener\">Questionnements radicaux<\/a><span class=\"brz-cp-color7\"> | <\/span><a class=\"brz-cp-color7 link--external\" href=\"https:\/\/planipets.com\/blog\/category\/resonance-animale\/\" data-brz-link-type=\"external\" target=\"_blank\" rel=\"noreferrer noopener\">R\u00e9sonance animale<\/a><span class=\"brz-cp-color7\"> | <\/span><a class=\"link--external brz-cp-color7\" href=\"https:\/\/planipets.com\/blog\/category\/relations-sous-tension\/\" data-brz-link-type=\"external\" target=\"_blank\" rel=\"noreferrer noopener\">Relation sous tension<\/a><span class=\"brz-cp-color7\"> | <\/span><a class=\"brz-cp-color7 link--external\" href=\"https:\/\/planipets.com\/blog\/category\/territoires-partages\/\" data-brz-link-type=\"external\" target=\"_blank\" rel=\"noreferrer noopener\">Territoires partag\u00e9s<\/a><span class=\"brz-cp-color7\">  | <\/span><a class=\"brz-cp-color7 link--external\" href=\"https:\/\/planipets.com\/blog\/category\/vie-interieure-animale\/\" data-brz-link-type=\"external\" target=\"_blank\" rel=\"noreferrer noopener\">Vie int\u00e9rieure animale<\/a><span class=\"brz-cp-color7\">  |<\/span><\/p>\n<\/div>\n<\/div>\n<\/div>\n<\/div>\n<\/div>\n<\/section><\/div>\n<p><!-- version:1762273335 --><\/p>\n","protected":false},"excerpt":{"rendered":"<p>Planipets M\u00e9dia Planipets M\u00e9dia est une association loi 1901 \u00e0 but non lucratif. Elle produit des contenus d\u2019int\u00e9r\u00eat g\u00e9n\u00e9ral sur le lien humain-animal, l\u2019\u00e9thique animale, la m\u00e9diation, les m\u00e9tiers du secteur et les enjeux environnementaux li\u00e9s aux animaux de compagnie. Cette structure est juridiquement distincte de la plateforme commerciale Planipets, bien qu\u2019elle partage la m\u00eame<\/p>\n","protected":false},"author":26,"featured_media":0,"parent":0,"menu_order":0,"comment_status":"closed","ping_status":"closed","template":"brizy-blank-template.php","meta":{"_crdt_document":"","footnotes":""},"class_list":["post-58464","page","type-page","status-publish"],"featured_image_src":null,"brizy_media":[{"id":58457,"url":"https:\/\/planipets.com\/blog\/wp-content\/uploads\/2025\/04\/Jusquou-va-vraiment-le-territoire-de-votre-chat-et-pourquoi-il-le-defend-autant.jpg","name":"Jusquou-va-vraiment-le-territoire-de-votre-chat-et-pourquoi-il-le-defend-autant.jpg","meta":{"brizy_attachment_uid":"wp-04a5b58ea253cd1b3c4cc95a41dc9510.jpg","brizy_post_uid":["0b25a7d71d7ef80b3d25473b88845790"]}},{"id":65248,"url":"https:\/\/planipets.com\/blog\/wp-content\/uploads\/2025\/10\/logo-planipets-media.png","name":"logo-planipets-media.png","meta":{"brizy_attachment_uid":"wp-46984272b971fb459e00bbc01ba4388e.png","brizy_post_uid":["9002c8ab9baee67e568d58883b964532","e26b4ea17bec8aa690b89d4426d3ea4d","e05c965cf9938326a68b6491e8a898f9","0b25a7d71d7ef80b3d25473b88845790","7658fa7b98fb45780d0ecc291d25fcce"]}}],"_links":{"self":[{"href":"https:\/\/planipets.com\/blog\/wp-json\/wp\/v2\/pages\/58464","targetHints":{"allow":["GET"]}}],"collection":[{"href":"https:\/\/planipets.com\/blog\/wp-json\/wp\/v2\/pages"}],"about":[{"href":"https:\/\/planipets.com\/blog\/wp-json\/wp\/v2\/types\/page"}],"author":[{"embeddable":true,"href":"https:\/\/planipets.com\/blog\/wp-json\/wp\/v2\/users\/26"}],"replies":[{"embeddable":true,"href":"https:\/\/planipets.com\/blog\/wp-json\/wp\/v2\/comments?post=58464"}],"version-history":[{"count":14,"href":"https:\/\/planipets.com\/blog\/wp-json\/wp\/v2\/pages\/58464\/revisions"}],"predecessor-version":[{"id":66607,"href":"https:\/\/planipets.com\/blog\/wp-json\/wp\/v2\/pages\/58464\/revisions\/66607"}],"wp:attachment":[{"href":"https:\/\/planipets.com\/blog\/wp-json\/wp\/v2\/media?parent=58464"}],"curies":[{"name":"wp","href":"https:\/\/api.w.org\/{rel}","templated":true}]}}